{"id":1300,"date":"2019-04-07T18:29:23","date_gmt":"2019-04-07T17:29:23","guid":{"rendered":"http:\/\/www.cdmlinsek.si\/?page_id=1300"},"modified":"2019-04-07T18:32:33","modified_gmt":"2019-04-07T17:32:33","slug":"nasi-cebelnjaki-2","status":"publish","type":"page","link":"https:\/\/www.cdmlinsek.si\/?page_id=1300","title":{"rendered":"\u010cebelnjaki na\u0161ih \u010dlanov"},"content":{"rendered":"\n<figure class=\"wp-block-image\"><img loading=\"lazy\" decoding=\"async\" width=\"1024\" height=\"683\" src=\"http:\/\/www.cdmlinsek.si\/wp-content\/uploads\/2019\/04\/Na\u0161i-\u010debelnjaki-J.-Gro\u0161l-1024x683.jpg\" alt=\"\" class=\"wp-image-1301\" srcset=\"https:\/\/www.cdmlinsek.si\/wp-content\/uploads\/2019\/04\/Na\u0161i-\u010debelnjaki-J.-Gro\u0161l.jpg 1024w, https:\/\/www.cdmlinsek.si\/wp-content\/uploads\/2019\/04\/Na\u0161i-\u010debelnjaki-J.-Gro\u0161l-300x200.jpg 300w, https:\/\/www.cdmlinsek.si\/wp-content\/uploads\/2019\/04\/Na\u0161i-\u010debelnjaki-J.-Gro\u0161l-768x512.jpg 768w\" sizes=\"(max-width: 1024px) 100vw, 1024px\" \/><figcaption>Foto: Jaka Gro\u0161l<\/figcaption><\/figure>\n\n\n\n<p><\/p>\n","protected":false},"excerpt":{"rendered":"","protected":false},"author":1,"featured_media":0,"parent":0,"menu_order":0,"comment_status":"closed","ping_status":"closed","template":"","meta":{"footnotes":""},"_links":{"self":[{"href":"https:\/\/www.cdmlinsek.si\/index.php?rest_route=\/wp\/v2\/pages\/1300"}],"collection":[{"href":"https:\/\/www.cdmlinsek.si\/index.php?rest_route=\/wp\/v2\/pages"}],"about":[{"href":"https:\/\/www.cdmlinsek.si\/index.php?rest_route=\/wp\/v2\/types\/page"}],"author":[{"embeddable":true,"href":"https:\/\/www.cdmlinsek.si\/index.php?rest_route=\/wp\/v2\/users\/1"}],"replies":[{"embeddable":true,"href":"https:\/\/www.cdmlinsek.si\/index.php?rest_route=%2Fwp%2Fv2%2Fcomments&post=1300"}],"version-history":[{"count":3,"href":"https:\/\/www.cdmlinsek.si\/index.php?rest_route=\/wp\/v2\/pages\/1300\/revisions"}],"predecessor-version":[{"id":1306,"href":"https:\/\/www.cdmlinsek.si\/index.php?rest_route=\/wp\/v2\/pages\/1300\/revisions\/1306"}],"wp:attachment":[{"href":"https:\/\/www.cdmlinsek.si\/index.php?rest_route=%2Fwp%2Fv2%2Fmedia&parent=1300"}],"curies":[{"name":"wp","href":"https:\/\/api.w.org\/{rel}","templated":true}]}}